is -11 + (-147 - -1) + 126?
-31
What is (-4 - -9) + 7 - (-58 + 42)?
28
Calculate 85 - (11 - -27) - 108.
-61
What is the value of (17 - (159 - 156)) + (-1 + -35 - 0)?
-22
Calculate -49 + -39 + -68 + 73.
-83
What is -10 + (-4 - -13) + 7 + -8 - (5 - 2)?
-5
0 - -5 - ((-5 - -16) + -9 + -14)
17
-6 + (22 - (-31 - (-45 + (-6 - -26))))
22
Calculate 8 + 25 + -10 + -10 + 18.
31
Evaluate (-7 - 6) + -70 + 37 - 3.
-49
Calculate (17 - 57) + -24 + 32 + -14.
-46
12 - (15 - (-5 - -5 - 6))
-9
Evaluate -14 + -9 + (13 - -59) + -7 - -12.
54
What is the value of (81 - ((-191 - -189 - (-5 + 0)) + -8)) + -5?
81
Calculate -25 + -2 - (12 + -18 + (-6 - (-8 + 4))).
-19
29 - (-98 - (-51 - 9))
67
(172 - (-230 + 329)) + (-2 - (2 - -3))
66
What is the value of (13 + -122 - -19) + 44?
-46
Evaluate 1 - (-24 + (-74 - -36 - -27)).
36
What is the value of 160 - 125 - 60 - (25 + 0)?
-50
Evaluate 2 - 21 - (1292 - 1313).
2
Evaluate 126 + -202 + (-1 - -49).
-28
What is -454 + 549 - (117 + -4)?
-18
Calculate 2 - 54 - (-1236 + 1219).
-35
What is the value of -1 + (433 - 449 - (0 - (4 - -38)))?
25
What is -1 - (15 + -2) - (-14 + -83 + 103)?
-20
What is the value of -2 + -11 - (-81 - (-97 + 51))?
22
What is the value of 9 - (-10 + (-6 - 3) + -3)?
31
Evaluate 17 - (147 + (19 + -40 - (-23 + 4))).
-128
Calculate 7 - -3 - (-874 + 862).
22
Evaluate -6 - (19 + (-30 - -13) - (-2 + 13)).
3
Evaluate (-74 - 0) + (-104 - -129).
-49
Calculate 11 + -14 + (-3 + 4 - (-1 + -3)) + -5.
-3
6 - 49 - (-13 - 90)
60
Evaluate (-105 - (15 - 35)) + 35.
-50
Calculate 20 - (-1342 - -1312 - (1 + 5)).
56
Calculate 103 - (2 + 9 + (0 - -1) - (-16475 + 16489)).
105
What is the value of (-1 + 2 - -16) + (3088 - 3175)?
-70
(-54 - -37 - -19) + (-50 - -3)
-45
Calculate (-48 - -25 - -74) + -9 + (5 - 0).
47
What is the value of -30 + -15 + (48 - (9 - -4))?
-10
Evaluate 21 + -60 + 147 - 215.
-107
What is the value of -20 + -1 + 9 + -2 + (459 - 564)?
-119
(117 - 133 - (3 + -26) - (16 - 8)) + -4
-5
18 - (-199 - -192 - (-2 + -49))
-26
What is the value of 959 + -971 + (0 + 0 - -23) - 86?
-75
Evaluate (-64 - -90) + 56 + -89.
-7
11 - (18 + -1) - (9 + 0 + 2)
-17
Evaluate -13 + -12 + (-13 - 2 - 39) + 7.
-72
What is the value of -21 - (-12 - (-72 - -47) - (-32 - -2))?
-64
What is the value of (-2 + -4 + 6 - -9) + (-27 - -12) + -15?
-21
What is -83 - (-8 - (-7 + 8 + 12))?
-62
Evaluate 2 - (-28 + 41 + -33 + 38).
-16
(-126 - -89 - 37) + 144
70
What is 1 - 15 - ((-4 - 13) + -28)?
31
Evaluate -13 + (-9 - -1) + 5 + -10 + 4.
-22
(130 - 26) + -70 - (-1 + -4) - 15
24
174 + -61 - (83 + 99)
-69
Evaluate (-2572 - -2539) + 3 + (-64 - 2).
-96
Calculate (-4 - (46 + -36)) + -88 - -2.
-100
What is the value of 7 + -12 - -12 - (-108 + 111 - (1 - 69))?
-64
What is 3 - 55 - (83 + -115)?
-20
(2 - (-25 - -10)) + 105 + -79
43
Evaluate 6030 - 5966 - (0 + 96).
-32
143 + -194 + 41 + 2
-8
-36 + -35 + 78 + -64
-57
Calculate -5 - -40 - (-5 - 17 - (4 - 18)).
43
(3 - -4) + -6 + (-5 + -1 - (5 - 3))
-7
What is the value of -11 + (22 - 5) + -1 - (-23 - 6)?
34
Evaluate 1 + 35 + (6207 - 6246).
-3
21 + 10 + -21 + 16
26
What is 13 + 0 - (-14 - -15) - (123 + -199)?
88
What is -25 - (7 - 16 - -13) - -8?
-21
What is -9 + (-1 - -4) + -3 + -26 + 8?
-27
(29 - 17) + (12 - -22) + 10 + 12
68
Calculate 0 + (-40 - (24 - 72)) + -4 + -2.
2
Evaluate 128 + -63 + -29 + -76.
-40
Calculate 33 + (-19 - (-32 - 2)).
48
Evaluate 8738 + -8629 + 1 + -208.
-98
Calculate 32 + 1 + (183 - 74 - 82 - (0 + 25)).
35
Evaluate (-34 - 2) + (7 - 41) + 25.
-45
-106 + (-76 - -176) + (-21 - -1)
-26
Evaluate 15 + 18 + 27 + (6 - 12 - 4) + 3.
53
Calculate 79 - 86 - (-5 + 26 - 11).
-17
597 - 591 - ((-5 - -3) + (-5 - -14))
-1
What is 1119 + -1051 - ((7 - -4) + 3)?
54
What is 63 - -26 - 72 - 16?
1
What is (-26 - (162 + -124)) + -12 + 1?
-75
-8 - (21 - 25 - -2 - (-9 - 3))
-18
Evaluate 24 - (2 + 58 - 46).
10
Evaluate -2 + 8 + (0 - 19) + 135 + -129.
-7
(-103 - (-13 + (5 - 4))) + (13 - 36)
-114
What is -18 + 5 + 5 - (3 + -13 + -5 + 11)?
-4
Evaluate -35 + (92 - -27) + -15 + -14.
55
What is (-3 - (1 + -1 + 107 + 5 - 1)) + -8?
-122
What is 59 - (0 - -11 - (2308 + -2293))?
63
What is 3 + -12 + 7 + 1?
-1
(0 - 9) + (-38 - (-38 - 13)) - (0 - -12)
-8
Evaluate -7 + 3 + (-12 - -10) + -9 + 8 + 15.
8
What is -8 + (-11 - (39 - (22 - -10)))?
-26
-1 + -8 - (16 + -4 + (-51 - 15 - 21))
66
What is (8 - 14 - (-6 - -39)) + 8?
-31
What is (-21 - (-10 - 8)) + -8 - (7 - -5)?
-23
Calculate 134 + -92 - 54 - -28.
16
Evaluate -41 + 23 + -14 - -22 - (50 + -5 - -1).
-56
What is the value of -69 - ((-85 - 78) + 97)?
-3
What is the value of -12 + (14 - (12 + -42)) + -2 + 12?
42
What is 20 + (-7 - 0) - (-82 - -9) - 7?
79
What is the value of -6 + 10 + -2 + 4 + (-4 - -1)?
3
What is (118 - 115) + (7 - 5 - 17)?
-12
What is -1 - (23 + 47 + -76)?
5
(-83 - -69) + 75 + 30
91
Calculate -45 - (0 - (18 + -25 - -146)).
94
Evaluate -23 - -29 - -52 - (-65 - -93).
30
What is the value of 33 + -32 + -92 + 42?
-49
Calculate -12 + (-15 + 8 - -4 - -6) + (-14 - -2).
-21
Calculate 2 - ((7 - (15 - 12)) + -35 + 0).
33
What is the value of (-1 - 2 - (0 - -4 - (-28 + 36))) + 48?
49
Evaluate 55 - (-5 - (-20 + 46) - 0).
86
Calculate -1 - (-7 - (22 + -65)).
-37
(61 - 55) + (0 - -3)
9
What is the value of (-1 - -5) + (-78 - -7) - (28 + -42)?
-53
Evaluate (24 - 0) + (16929 - 16900).
53
Evaluate 15 + 1 - (34 + -11 + 25 + -35).
3
What is (22 - (19 + -8)) + 12 - ((6 - 9) + -9)?
35
1 + 45 + (5 - -23) + -40 + 25
59
What is (-79 - (-67 - 50)) + 18?
56
What is (202 - 93) + -108 - (2 - 0 - (63 - 2))?
60
-22 + 2 + (-56 - (-12 + -118))
54
What is the value of 138 + (-145 - -56) + -10?
39
Calculate -10 + -5 + -5 + -6 + (-1 - 41).
-68
Evaluate -5 - (48 + 2) - 4 - (749 + -749).
-59
What is the value of 66 - (2 + 23 + -14 - (12 - 8))?
59
What is the value of -6 + 3 + -2 - (36 - (-20 - (-21 - -24)))?
-64
What is (-2955 - -3050) + 1 + 0 + 0 + -14?
82
-5 - (-7 - (3 - (-3 - (-12 - -4))))
0
What is the value of 17 - (-11 + -3 + 77 + -14)?
-32
Calculate (-2 - (-5 + (22 - (-5 - -16)))) + 7 + -108.
-109
What is ((2 - 4) + 6 - 3) + (-1576 - -1613)?
38
-6 + (-34 - -5) + 11 - -108
84
Calculate 3 - -8 - (-15 + 19 + -5 + -47).
59
What is the value of -2523 - -2523 - (-1 + (1 - -34))?
-34
Calculate 4 + (-13 - 3) - ((-51 - -36) + 2 + 109).
-108
(19 + -62 - -63) + -16
4
(51 - 30) + 8 + 4 + -3
30
(-15 - 8 - -3) + 7 + -1 + 2 + -11
-23
Calculate -3 + (7 - -1) + (18 - 28) + 60.
55
What is the value of (-25 - 43) + 22 - -29?
-17
129 + (-150 - (-12 - -68))
-77
Evaluate (8 - 4) + 49 - 21.
32
What is the value of (-43 - -83) + -26 + 30?
44
What is -74 - -48 - -19 - (-28 + -3 + 0)?
24
(596 - 598) + (3 - 0) + (-5 - -11)
7
What is -87 + 112 + -83 + 77?
19
Evaluate -13 + (-85 - -36 - -63 - (-15 - -1)).
15
Calculate -59 + (47 - 3) + 9.
-6
Evaluate -1 + 0 + 3 - 7 - (25644 - 25692).
43
Calculate 53 - 0 - (1755 + -1688).
-14
(1 - 2 - 0 - (57 - -3)) + (-4465 - -4475)
-51
What is the value of -125 + 104 + (-6 - (5 + -119))?
87
-8 + (-11 - -5) + 17 + -7 - (-6 - -4)
-2
What is the value of (-8 - -56 - (1 + 2)) + (-23 - (-14 + -13))?
49
What is the value of (5 - 3 - 0) + 2 + 48?
52
-53 - (63 + -39 + -100)
23
-55 - (26 - ((-2 - -22) + -3))
-64
-81 + 121 + 69 + -32
77
Calculate 2 - -13 - (8 + -37 - -29 - -9).
6
27 + (0 - -1) + 120 + -60 + -64 + -4
20
Evaluate (21 - 38) + 107 + -92 + (1 - (-13 + -3)).
15
(143 - 119) + -21 + -33
-30
(-1 - -7) + (1 - 8) - (6 - 15)
8
-19 - ((-6 - -12 - -2) + -22) - -52
47
Calculate 51 - 30 - (-7 - 1) - -42.
71
What is -3 + 1 + (-8 + (11 + -3 - 3) - -10)?
5
Evaluate -4 + 71 + (2 - 11) + (22 - 18) + -6.
56
What is 7 - 85 - (8 + -1 + -3) - (20 + -29)?
-73
What is the value of (619 - 629) + (1 - (1 + -5)) + -3 + -7?
-15
Calculate -2 + -8 + (-2866 - -2914).
38
-75 + ((4 - (9 - 18)) + 0 - 37)
-99
What is -34 - (-4 - 44) - 7?
7
Evaluate (0 - (-4 - -5 - (-22 + 7 + 1))) + 9.
-6
What is the value of 13 - 7 - (-102 + 87 + (4 - -2))?
15
What is 3 + -15 + 0 + (18 - -12) + -22?
-4
What is the value of (72 - -173) + -93 - 36?
116
Calculate 15 + -2 + -2 + 0 - 11 - (-2 + 49).
-47
(40 + 0 - 43) + (-1 - (0 - 31))
27
Evaluate (2 - -67 - 71 - (1 - -31)) + 15.
-19
What is 110 - (0 - (22 + -124))?
8
What is the value of 11 - (-2 - (-7 + 14) - -63) - -13?
-30
What is (-66 - (-3 + 70)) + 81?
-52
-53 + (-31 - (-69 + 12)) + 